556*r. Let g be l(-23). Let q(z) = 3*z - 2. Give q(g).
10
Let d(w) = -w + 7. Suppose -9*b + 37 = 73. Give d(b).
11
Let l = 87 + -85. Let a(b) = 2 + 7*b + 11 - 3 - 1 - b**l. Give a(8).
1
Let f be (-2)/(-6)*6*-1. Let i(y) = 27 - 2*y**2 + y**2 - 25. Give i(f).
-2
Let h(j) = 3*j + 11. Let w(a) = 2*a + 10. Suppose k + 4 = -4*b, b + 3*b - 12 = k. Let c be (2 - 4)*(-12)/k. Let m(n) = c*h(n) + 4*w(n). What is m(6)?
1
Let q(b) = 2*b**2 - 6*b - 3. Let h(a) = -6*a**2 + 20*a + 10. Let d(u) = 2*h(u) + 7*q(u). Let t(k) = -k**3 - 9*k**2 - k - 11. Let n be t(-9). Give d(n).
11
Suppose -17*j - 38 = 2*j. Let x(u) be the first derivative of u**4/4 - u**3/3 - u**2/2 + u + 2. Give x(j).
-9
Let c(a) = -a + 14*a - 1133 + 1134. Calculate c(-1).
-12
Suppose 3*p + 2 = -4*y + 3, -3*y = p - 7. Suppose 0 = -y*r + 4*d + 24, 4*d - 6*d - 13 = -3*r. Let h(w) = -6*w**3 + w**2 + w - 1. Give h(r).
-5
Suppose 5*m + 3*c = 3*m + 3, -5*m = -c - 16. Suppose -12 + 0 = -m*f. Let g(x) = -x**2 + 5 + 0 - f. Give g(2).
-3
Let q(j) = 4*j**2 + j - 2. Suppose 6*o + 2*o = 120. Suppose -o*b = -9*b - 12. Calculate q(b).
16
Let p be (-136)/(-17) - 1 - (4 + -1). Let v(h) = h**3 - 5*h**2 + 4*h + 5. Determine v(p).
5
Suppose 19 = 5*c - 3*g, 13*g - 11*g + 8 = c. Let i(a) = 7*a - 4. Determine i(c).
10
Let i(j) = -j - 17. Let z(y) = 2*y + 33. Suppose -5*v + 4*g = g - 15, 4*g = 0. Let p(n) = v*z(n) + 5*i(n). Suppose -30 = 6*s - s. Calculate p(s).
8
Let f(m) = -3*m**2 + 12*m - 4. Let j(i) = 2*i**2 - 6*i + 2. Let q(y) = -3*f(y) - 5*j(y). Determine q(-3).
11
Suppose -5*n + 0 - 30 = 0. Let w(h) = 3*h + 1 - 7 - 2 - 6*h. Let m(t) = -2*t - 5. Let c(v) = -8*m(v) + 5*w(v). What is c(n)?
-6
Let p = 49 + -46. Let g(a) = -a**2 - 6*a + 4. Let s(i) = 6*i**2 + 31*i - 20. Let u(d) = 11*g(d) + 2*s(d). Calculate u(p).
1
Let t(a) = -4*a**3 + 6*a**2 - a - 6. Let l(o) = -5*o**3 + 5*o**2 - o - 5. Let c(p) = 6*l(p) - 5*t(p). Suppose 28*b = 12 + 16. What is c(b)?
-11
Let u be 65/20 - 1/4. Suppose -3*d + 3 + u = 0. Let l(k) = 2 + 9*k**2 - 10*k**2 + 5*k + d. Give l(6).
-2
Let f(k) = k**2 + 10*k - 10. Let h(l) = -2*l + 2. Let s be 4/(-4)*2/1. Let j(r) = s*f(r) - 11*h(r). Calculate j(2).
-6
Let c(k) = -k + 5*k + 2 + 5 - 4. Let u be 0 - (15/3 - 0). Give c(u).
-17
Let p(g) = 19*g**2 + g - g**3 - 8*g**2 - 14 + 4*g**2 - 4*g**2. Calculate p(11).
-3
Let c be (-338)/(-39) + (-8)/(-6). Let a(v) = -10*v - 9*v**3 + 0*v**3 + 8*v**3 - c*v**2. Give a(-9).
9
Suppose -r - 2*r = 60. Let w = r - -17. Let i(z) = -z - z**2 - 4*z - 2*z. Determine i(w).
12
Let t be (15/10)/((-3)/(2*-9)). Let x be 0/23 + (2 - t*1). Let r(v) = -v**2 - 8*v - 9. Calculate r(x).
-2
Let m(x) be the third derivative of -x**6/120 + 2*x**5/15 - x**4/8 - 7*x**3/6 - 50*x**2. Determine m(8).
-31
Suppose 0*b + 4*b = -3*a + 1, 3*a - 3*b = -27. Let q(j) = j. Let x(o) = -2*o + 1. Let f(p) = 3*q(p) + x(p). Determine f(a).
-4
Let w(s) = -5*s + 1. Let i be w(-1). Let u(q) be the second derivative of -q**4/12 + 7*q**3/6 - 4*q**2 - 433*q. Calculate u(i).
-2
Let s(a) = -a**3 + 4*a**2 + 7*a - 4. Let q be (3/(-6))/(3*4/(-120)). Let n be 1 - ((-15)/q + -1). Give s(n).
6
Let j(c) = 4*c - 16. Let w be j(5). Let m(z) = 15 - w - 20 + z. Give m(4).
-5
Let g(v) = v + 14. Suppose 25*c - 39*c = 112. Give g(c).
6
Let u = 0 - 3. Let k(p) be the third derivative of p**7/2520 + p**6/180 + p**5/30 - p**4/2 - 12*p**2. Let j(c) be the second derivative of k(c). Determine j(u).
1
Let j(s) = s**2 + 5*s + 4. Let d(o) = o**3 + 6*o**2 + o + 5. Let u be d(-6). Let t be (2 + u)*(2 - 1). Let m be (t - 0)/(2/(-6)). Calculate j(m).
-2
Let j(d) = -d**2 - 2*d + 8. Let r = 4 - 3. Let t(m) = 1. Let o(h) = r*j(h) - 4*t(h). Let q(u) = -2*u**2 + 14*u - 3. Let b be q(7). What is o(b)?
1
Let q = 31 - 31. Let u(c) = 0 + 153*c + q - 154*c - c**3. Determine u(0).
0
Let p(u) = -u**2 + 28*u - 17. Let h be p(27). Let q(t) = -t**2 + 10*t + 5. What is q(h)?
5
Let m be ((-1)/4)/(10/(-40)). Let q(h) = 64*h + 59*h - 123*h - m - 2*h**2. What is q(-2)?
-9
Let d(v) be the third derivative of -11*v**2 + 1/24*v**4 - 1/60*v**5 + 0*v + 0 + 1/3*v**3. Calculate d(4).
-10
Let l(r) = -16*r**2 + 5*r - 3. Suppose 0 = -5*v - 3*m + 2, -5*m + 7*m = 3*v - 5. Calculate l(v).
-14
Let m(k) = -k**2 + 3*k + 1. Let o(u) = -9*u**2 + 45*u + 75. Let j(d) = 8*m(d) - o(d). Calculate j(24).
5
Suppose 2*w + 65 = 4*g + w, 4*g - 3*w - 75 = 0. Suppose 0*m + g = 5*m. Let v(j) = 2*j - m + 3 + 7 - 2. Determine v(-5).
-5
Suppose 3*q + 29 = i, -2*q + 56 = -3*i + 66. Let x(r) = r**3 + 10*r**2 - 9*r + 6. Determine x(q).
-16
Let g(l) be the first derivative of -4*l**2 + 4 + 9*l + 1/3*l**3. Let v(m) be the first derivative of g(m). What is v(7)?
6
Suppose 4*o = -3*p + 12, o + p + 6 = 3*o. Let w(q) = -q**2 + 4*q + 1. What is w(o)?
4
Let k(w) = 7*w**2 + 2*w + 1. Let o = -11 + 13. Suppose o*i - 4*q = i - 13, -5*i - 4*q = -7. Let a = -2 - i. What is k(a)?
6
Let t(m) = m**2 - 4*m + 8. Let f be t(3). Suppose 3*c = f*s + 11, 0*s + 4 = 4*s + 4*c. Let x(v) = -7*v**3 + 2*v**2 + 2*v + 1. Calculate x(s).
8
Let x(b) = -b**2 - 5*b. Suppose 0 = 5*p + 3 - 133. Suppose -3*u - p + 80 = 0. Let r = 12 - u. What is x(r)?
-6
Let t(f) = f**2 - 1. Let z = -50 - -51. Let a(o) = 2*o**2 + 8*o - 10. Let r(y) = z*a(y) - 3*t(y). Determine r(6).
5
Let t(d) be the second derivative of d**5/20 - d**4/2 - d**3/6 + 5*d**2/2 + d. Suppose 0 = -191*h + 210*h - 114. What is t(h)?
-1
Suppose 0 = -g + 6*g - i + 3, 4*g + 4*i - 12 = 0. Let n(m) = m**3 - m**2 - m + 18. Give n(g).
18
Let q(y) = -5*y + 1. Let w(m) = -10*m + 131. Let j be w(13). What is q(j)?
-4
Let y(j) = j**2 - 4*j - 1. Let z be y(5). Let o = z - -4. Suppose l - o = -14. Let d(c) = -c**2 - 7*c - 4. What is d(l)?
2
Suppose 3*p = 7*p - 16. Suppose 7*z - 15 = p*z. Suppose j = 6*j - z. Let h(k) = -8*k**2 - 1. What is h(j)?
-9
Let m be 3 + (-32)/(-1*(-2)/(-6)). Let x be 6/(-8) - m/44. Let t(b) = -2*b**2 - 3*b + 3. Give t(x).
-6
Suppose 4*y - 2 = -10. Suppose -4*i - i + 29 = t, t - 24 = -4*i. Let g(l) = -20*l - 17. Let k(a) = 13*a + 11. Let r(z) = i*g(z) + 8*k(z). What is r(y)?
-5
Let h be 0 + 44/40 + (-175)/(-125). Let a(u) be the first derivative of -1/3*u**3 + 4*u - h*u**2 + 12. What is a(-5)?
4
Let o(x) = -2*x - x**2 + 4 - 1 + 5 - x - 12. Let q(i) = -3*i + 3*i + i**2 + 2 - 5*i. Let h be q(2). Calculate o(h).
-8
Let i be 3*(0 + (-3)/9). Let z(d) be the first derivative of 5*d**4/24 - d**3/6 - d**2/2 - 8. Let a(g) be the second derivative of z(g). Give a(i).
-6
Let t(x) = -2*x - 10. Let z be t(-7). Suppose 0*b - 4 = -z*b. Let l(u) be the third derivative of -u**4/6 + u**3/6 + u**2. Calculate l(b).
-3
Let p(d) = -5*d**2 + 11*d - 5. Let a(s) = 9*s**2 - 20*s + 10. Let o(x) = 4*a(x) + 7*p(x). What is o(4)?
9
Let z be (-18)/((-2250)/2975) - (-2)/10. Let t(i) = i**3 - 25*i**2 + 25*i - 21. Give t(z).
3
Let m(f) = 5*f - 72. Let n(z) = 11*z - 149. Let h(o) = -5*m(o) + 3*n(o). Give h(11).
1
Let y be (((-3)/(-2))/((-9)/(-630)))/(-1). Let d be (6/(-4))/(-2 + y/(-48)). Let i(g) = -g - 14. Calculate i(d).
-6
Let i(c) = -3*c**3 + 2*c**2 + 2*c + 1. Suppose -26*u + 2 = -28*u. Give i(u).
4
Let c = 58 + -58. Let w be (-2)/(-7) - (-48)/28. Let l(s) = c + w*s + 8 - 6. Determine l(-5).
-8
Let n be 8/44 + (1 - (-100)/55). Let q(x) = x**3 - 5*x**2 + 5*x - 3. What is q(n)?
-6
Let s be (-1 - -2) + 0 + 2. Let k(b) = 5 + 3*b**3 - s*b + 2*b**3 - 2 - 4*b**3 + 4*b**2. Suppose 32 = -34*i + 26*i. Calculate k(i).
15
Let c(a) = -a**2 - a + 5. Let q be -2*(-20)/(-24)*-3. Suppose -5*f = -15, -3*f - 16 = q*n - 0*f. What is c(n)?
-15
Let i be 3/2 - 36/(-24). Suppose i*j - 8*j + 10 = 0. Let g(m) = 0*m**2 - 9*m + m + m**j + 4. Give g(5).
-11
Let v be (-50)/4 - 1/(-2). Let n be -8*(-2 + (-45)/v). Let t = n + 11. Let j(p) = -p**2 - 2*p + 3. Calculate j(t).
0
Let b(a) be the third derivative of -a**6/40 - a**5/30 + a**4/24 - a**3/3 + 3*a**2 - 139. What is b(2)?
-32
Let a(x) be the first derivative of x**4/4 - 2*x**3/3 + 3*x**2/2 - 3*x - 3. Suppose -3*w + 28 = 22. Calculate a(w).
3
Let a(j) = -3*j - 1. Let k(n) = n**3 + 5*n**2 + 6*n + 5. Let r be k(-4). Determine a(r).
8
Let t(m) = -4*m**3 - 2*m**2 - 1 + 3*m**3 + 0 + 3*m. Let x(w) = w**2 - w - 137 + 134 - w**3 + 2*w**3. Let k be x(0). Determine t(k).
-1
Let l be (1 + -4 - -3)/(-2). Suppose i = -3, l*d - 17 = d + 5*i. Let x(r) be the first derivativ